1110010000
In base 15, what is -d - -ed34?
ed26
In base 15, what is 0 + a37?
a37
In base 5, what is -133313 - -21?
-133242
In base 3, what is 11211002 + 212?
11211221
In base 5, what is 1431 - 221122?
-214141
In base 11, what is 3 - 13746?
-13743
In base 9, what is -47 + 764?
716
In base 4, what is -2 + -12100022?
-12100030
In base 5, what is 2012 + -20031?
-13014
In base 13, what is bb + -10b90?
-10aa2
In base 12, what is 10106 + -22?
100a4
In base 9, what is -126 - -3555?
3428
In base 10, what is -3270688 + 1?
-3270687
In base 13, what is 2931 + -92?
286c
In base 16, what is -29 - 160b?
-1634
In base 10, what is 17 + 5041?
5058
In base 14, what is 3 + 542b6?
542b9
In base 9, what is -7420 - -243?
-7166
In base 6, what is -154 - 12552?
-13150
In base 15, what is -148 + -1?
-149
In base 15, what is 14 - -ab06?
ab1a
In base 14, what is -4 + 2d97a?
2d976
In base 3, what is -211122 + 10010001?
2021102
In base 16, what is 4 - 1185?
-1181
In base 13, what is 4 - 76956?
-76952
In base 6, what is -4231202 - 1?
-4231203
In base 15, what is 5 - -10042?
10047
In base 4, what is 1 + -20322033?
-20322032
In base 16, what is 3b5e - 56?
3b08
In base 3, what is -1002011 - 1102?
-1010120
In base 4, what is 130032201 - 0?
130032201
In base 14, what is 6345 - -8?
634d
In base 15, what is -b7a - -69?
-b11
In base 8, what is -72 - 11754?
-12046
In base 16, what is 2 - 199f?
-199d
In base 11, what is -300 - 160?
-460
In base 6, what is -204344 - -123?
-204221
In base 14, what is dc + a43?
b41
In base 2, what is -110001110 + 100101?
-101101001
In base 11, what is -51141 - a?
-51150
In base 16, what is 25 - 3b0?
-38b
In base 2, what is 101 + -1001101100100101?
-1001101100100000
In base 9, what is -12 - 66085?
-66107
In base 2, what is -1100100101011001 + 1?
-1100100101011000
In base 15, what is 6 + 16b1e?
16b25
In base 6, what is -1005 + 104?
-501
In base 15, what is 2 + -1ac7?
-1ac5
In base 16, what is a - 4bb2?
-4ba8
In base 4, what is -1212321311 - 0?
-1212321311
In base 14, what is 8a5d - -5?
8a64
In base 5, what is 23301 - 113?
23133
In base 3, what is 11 - 10011012100?
-10011012012
In base 10, what is -22346 + 2?
-22344
In base 10, what is 507 - 7703?
-7196
In base 15, what is 946c + 8?
9475
In base 13, what is -36c6 - 9?
-3702
In base 4, what is 0 + 231311001?
231311001
In base 16, what is 11b4 - 4?
11b0
In base 13, what is -5 + 1395c?
13957
In base 11, what is 3 - -796369?
796371
In base 4, what is 11 + -100322002?
-100321331
In base 8, what is 140 + 11315?
11455
In base 14, what is 1 - 10193?
-10192
In base 12, what is 357 + 277?
612
In base 11, what is 0 - 423147?
-423147
In base 2, what is -1010010 + -1100110101101?
-1100111111111
In base 14, what is -2 - 2bbb4?
-2bbb6
In base 10, what is -584 - -4853?
4269
In base 10, what is 165069 - -5?
165074
In base 16, what is 3 + 27ab?
27ae
In base 12, what is 19b2 - 3?
19ab
In base 2, what is -10111 + 10110100110111?
10110100100000
In base 8, what is 3615 + 734?
4551
In base 3, what is 12012121010 + -1?
12012121002
In base 13, what is -1ab9 + -5?
-1ac1
In base 2, what is 11011111000101100111 + 0?
11011111000101100111
In base 3, what is 0 + -12101120001?
-12101120001
In base 15, what is -1 + -4222?
-4223
In base 3, what is -20 + -2111000?
-2111020
In base 14, what is -151 - -2691?
2540
In base 15, what is -c686a - -4?
-c6866
In base 7, what is -123111 + -2?
-123113
In base 8, what is -1 + -45626?
-45627
In base 9, what is -5 + -1235?
-1241
In base 8, what is 4 - -176660?
176664
In base 9, what is -38 - -3623?
3574
In base 12, what is 226 - 10?
216
In base 2, what is -1 + 1101011001101100?
1101011001101011
In base 15, what is -2 - -5977e?
5977c
In base 5, what is -11004224 + 0?
-11004224
In base 3, what is -112 - 210122111?
-210200000
In base 5, what is -404 + 233244?
232340
In base 16, what is 12c0 + -ab?
1215
In base 8, what is -10535 + 371?
-10144
In base 6, what is 1 - -2130232?
2130233
In base 3, what is 21121111012 + -20?
21121110222
In base 3, what is 10011000210 + 12?
10011000222
In base 12, what is 92a15b + -2?
92a159
In base 15, what is -2447 - -7?
-2440
In base 14, what is 1 - aa71?
-aa70
In base 2, what is 1001111011011110111011 + -100?
1001111011011110110111
In base 5, what is -1320404 - -2?
-1320402
In base 9, what is -78 - -5628?
5540
In base 12, what is -13897 + 3?
-13894
In base 10, what is -1721703 - 3?
-1721706
In base 16, what is -5d96f - 2?
-5d971
In base 13, what is 2 + -82387?
-82385
In base 8, what is -6044 - -4124?
-1720
In base 13, what is 22 - 11b06?
-11ab4
In base 11, what is -10 - 10955?
-10965
In base 10, what is 41467 + -3?
41464
In base 11, what is 7 - -21921?
21928
In base 15, what is -47 - -d91?
d49
In base 3, what is 210 + -1100101?
-1022121
In base 8, what is 5 + 17736?
17743
In base 9, what is -657 + -665?
-1433
In base 5, what is 20 - -22130?
22200
In base 11, what is 5 + 134690?
134695
In base 14, what is 1 - -699d?
69a0
In base 14, what is -13 + 4ba?
4a7
In base 6, what is -132404 + 3?
-132401
In base 7, what is 5106 - -1122?
6231
In base 8, what is 3007 + -30?
2757
In base 2, what is -11110001 + 110101?
-10111100
In base 6, what is 252 - 305?
-13
In base 15, what is -9322 - -1?
-9321
In base 12, what is 19080 + -3?
19079
In base 12, what is 0 - 3326?
-3326
In base 13, what is -35 - -38b?
356
In base 11, what is 256253 - -5?
256258
In base 8, what is -32633 - 1?
-32634
In base 7, what is -2362024 + 2?
-2362022
In base 3, what is -11012000010 - 11?
-11012000021
In base 13, what is -98 + -541a?
-54b5
In base 5, what is 2021 + 3413?
10434
In base 6, what is 1 - -130103?
130104
In base 13, what is 1 - 233657?
-233656
In base 6, what is -5030553 + -3?
-5031000
In base 16, what is -2db7 + -1?
-2db8
In base 14, what is -14d64 - -9?
-14d59
In base 2, what is 11 + 100111111000100001?
100111111000100100
In base 4, what is -3 + 1133122012?
1133122003
In base 14, what is -c1 + -9d?
-180
In base 9, what is 4 + 402050?
402054
In base 7, what is 130 + -44?
53
In base 5, what is -10 - -41101400?
41101340
In base 9, what is 1524 + 770?
2404
In base 10, what is -1 + -63525?
-63526
In base 16, what is -14 - -a7b?
a67
In base 11, what is -36 - -193a8?
19372
In base 13, what is 8 + 52a1?
52a9
In base 8, what is -645 + -14702?
-15547
In base 4, what is -3 + 10100001320?
10100001311
In base 2, what is 10100010100 - 0?
10100010100
In base 12, what is -4 + -7941?
-7945
In base 10, what is 5346 + 4?
5350
In base 2, what is 1001 + 10001100100?
10001101101
In base 3, what is -2202 + 101220022?
101210120
In base 9, what is 4263 + 86?
4360
In base 10, what is 19 - -2043?
2062
In base 11, what is 2794 - 7?
2788
In base 16, what is -a04 + c?
-9f8
In base 16, what is 3 - 2db5f?
-2db5c
In base 5, what is 311402 - 42?
311310
In base 3, what is 11122 - 102121021?
-102102122
In base 13, what is 9 - 1a36?
-1a2a
In base 7, what is -14 + 50?
33
In base 8, what is 4425 - -42?
4467
In base 5, what is 4430443 + -11?
4430432
In base 11, what is -5 + 130017?
130012
In base 8, what is -2075 - 17?
-2114
In base 16, what is 5a19f - 2?
5a19d
In base 4, what is -211220321201 + 11?
-211220321130
In base 6, what is 1252 + 244?
1540
In base 16, what is 0 - c6e0?
-c6e0
In base 13, what is 6 + 1b321b?
1b3224
In base 9, what is 2302 + -140?
2152
In base 15, what is 147 - -3a8?
500
In base 10, what is 3 + -85050?
-85047
In base 7, what is -63 - -42133?
42040
In base 16, what is -809 - -2f?
-7da
In base 6, what is -1152 - 1242?
-2434
In base 5, what is 20 + -121203?
-121133
In base 11, what is -5 - 21897?
-218a1
In base 3, what is 20101001 - 1?
20101000
In base 6, what is -1312 - 200?
-1512
In base 13, what is 62b83 + -1?
62b82
In base 11, what is 751 - -393?
1034
In base 8, what is 111411 - -116?
111527
In base 14, what is -6ab - -17?
-694
In base 4, what is -2200133022 - -10?
-2200133012
In base 10, what is -470 - -1042?
572
In base 14, what is -855b8 + -5?
-855bd
In base 9, what is -337753 - -4?
-337748
In base 6, what is -2 - 5452455?
-5452501
In base 15, what is 11 - 5c1aa?
-5c199
In base 16, what is -7325 + -5?
-732a
In base 2, what is -11011111011011110 - 11?
-11011111011100001
In base 16, what is -126 + 3a0?
27a
In base 14, what is -3cb4 + -2b?
-3d01
In base 15, what is -19b1 + -ca?
-1a8b
In base 10, what is -5 + -973565